 + (14 - 12 - -35).
31
What is the value of 4 - (-3 - -8) - (5 - (4 + -21))?
-23
Evaluate 3 + -28 + -9 + (-17 - -18).
-33
What is the value of -14 + 0 - (12 - 25 - (-6 - 6))?
-13
What is 42 + -35 - (7 + -4)?
4
18 + (0 - -4) + (13 - 8 - 11)
16
Evaluate -12 - (83 + -99 + 0 + -6).
10
What is the value of -2 + 1 - (3 + 5 + -7)?
-2
Evaluate -6 + 10 + -4 + -2.
-2
What is the value of -30 + -23 + 34 + (-9 - 1) + 8?
-21
What is the value of -2 - 2 - (0 - -2) - (11 - 17)?
0
33 + (-28 - -5) - 21
-11
(-18 - (-1 + (-5 - 0))) + 2 + 0
-10
What is the value of 29 - 44 - (1 - 3)?
-13
3 + (15 - (-1 - -7))
12
What is -2 - (-4 + -8 + 8 - -17)?
-15
What is the value of -14 + (8 + 3 + 0 - (-15 - -22))?
-10
Evaluate 22 - (-32 - -103) - -27.
-22
Evaluate (-2 - (-4 + 0 + 0 + 3)) + -10.
-11
What is the value of -3 + (12 - -4) + -19?
-6
Evaluate ((-12 - (-5 - -1)) + 5 - -3) + -2.
-2
What is the value of 39 + 1 + -13 - (15 + -2)?
14
What is -26 + (15 - -3) + (-2 - -6) + 2?
-2
Calculate -12 + 0 + 6 + 8 + 2.
4
Evaluate 1 - (8 + -17) - 4.
6
-8 + -1 + 1 - (-30 + -15 + 12)
25
Evaluate -5 + (16 - (14 + -4)) - 16.
-15
What is the value of -11 + (9 - 12 - 8)?
-22
-43 - -29 - (-6 + 4 + 9)
-21
What is the value of 14 + (-15 - 17) + 0 - (-1 - -3)?
-20
Calculate -2 + 50 - (559 - 534).
23
Calculate 0 - 0 - (322 + -313).
-9
Evaluate -33 + 51 + -5 + -48.
-35
Calculate 1 - (0 + 13) - -6 - 12.
-18
Evaluate 12 - (11 + 15 + 0) - (0 - 10).
-4
What is the value of (45 - 5) + -16 + -16 + -6?
2
What is the value of (60 + -12 - 35) + 1 + -31?
-17
What is -14 - (10 - (3 + 18)) - 11?
-14
What is the value of 16 - 3 - (-2 + 12)?
3
Calculate 16 - (-8 - (-24 + 10)).
10
What is (23 - (11 + -9)) + -9?
12
1 - -1 - -13 - (-11 + (-2 - -6))
22
What is -28 + -14 + -11 + 40?
-13
Evaluate 3 + (1 - (2 + -6)) + 8 + -1.
15
Evaluate -11 + -27 - -56 - 22.
-4
Calculate -53 + 11 + 67 + -40.
-15
What is -4 - -3 - ((-6 - 2) + 5)?
2
What is -161 - -177 - (23 - 2)?
-5
Evaluate (5 - (-21 - -2 - (4 + -8))) + -6.
14
Calculate 10 - (10 + 5) - -7.
2
What is (8 - 2 - 9 - 10) + 13?
0
Calculate (-15 - (-6 - (-9 + 14))) + -16.
-20
-14 + -14 + 24 - -5
1
What is 2 + -13 + (344 - 343)?
-10
What is the value of -5 + (23 + -7 - 11) - 6?
-6
What is the value of -8 + -3 + 16 + (2 - 3)?
4
Calculate (-16 - ((-1 - 4) + -22 + 26)) + 6.
-9
Calculate (17 - -37) + -11 - 25.
18
Evaluate 1 + (-1 - (9 - 2)) - (-1 + 0).
-6
Calculate -189 - -186 - (0 + -1).
-2
Evaluate -166 + 204 + (-3 - -1) + -7.
29
-64 + 57 + (0 - -1) - -28
22
Calculate (-38 + 54 - (-1 - -10)) + 24.
31
3 - (-7 + -4 + 2 + 3)
9
Evaluate 17 + (5 - 8) - 5.
9
What is the value of -70 + 59 + (0 - (1 + 4))?
-16
What is (820 - 825) + -1 + (-2 - -2)?
-6
30 - (-14 - -2 - -15 - -1 - 11)
37
Evaluate -3 + 1 + -10 + -37 + 35.
-14
What is -10 + -1 + (45 - 30) - -7 - 44?
-33
Calculate -12 + (-17 + 10 - -23) + (-16 - 1).
-13
What is -3 + (14 + 19 - 20 - 31)?
-21
16 + -8 - (-24 - -20)
12
What is the value of -10 + 17 + (-1 - (0 + -5 + 6))?
5
What is the value of 4 - 0 - (-8 - (-15 + -4) - 7)?
0
What is the value of -383 - -398 - (4 - -28)?
-17
-7 - (5 - (35 + -37 + -2 + -1))
-17
What is -1 + (-1 - -3) + -285 + 288?
4
(-1 - -33 - -3) + 7 + -19 + 2
25
Calculate (8 - 12) + (4 - 1) + 13.
12
Calculate 1207 + -1279 + -1 + 41.
-32
(-2 - -5) + (-12 - (-19 + 9))
1
-18 + (1 - -9) + -7 + 9
-6
Evaluate 15 + (-12 - -2) - (9 - -1).
-5
What is the value of -4 + (-9 - -3) + 78 + -61?
7
What is 4 - (-8 + (-8 - 2 - -11))?
11
-29 - (-32 + (8 - -11))
-16
Evaluate 26 + -11 - 13 - -2 - -26.
30
Evaluate (4 + -1 - -4) + 3 + -5 + -12.
-7
What is (-20 - (2 + -6)) + (8 - 1)?
-9
What is (7 - 26) + 6 + 19?
6
10 - 2 - (25 - (41 + -26))
-2
Evaluate -19 + 30 - (14 + -3).
0
What is the value of (-6 + 17 - 43) + 16?
-16
What is (4 - 3) + (0 - -1) + (3 - 0)?
5
Evaluate 10 - (-1 - 6 - (-38 - -25 - 16)).
-12
What is 11 + 32 + -14 - 9?
20
-1 + (10 - (8 - (22 + -3)))
20
Calculate (-14 - (25 - 33)) + -8 + 2.
-12
What is the value of 1 + -9 + -13 + 13?
-8
2 + (-2 - -5) + (-175 - -185)
15
What is the value of -20 + 28 + (-5 - -4)?
7
What is -12 - -5 - (4 + 0 - (-2 + 1))?
-12
Evaluate (-210 - -195) + (-2 + -1 + 2 - -8).
-8
-1 + (5 - 6) + -129 + 115
-16
What is (3 - (11 + -6 - 11)) + -10 + -1?
-2
What is the value of 50 + -48 - (9 + 1)?
-8
Calculate -93 - -86 - (0 + (3 - 5) - -14).
-19
Calculate 9 + ((24 - 1) + -6 - -5) + -9.
22
What is (1 - -10) + (-198 - -187)?
0
Calculate (-9 + 1 - (56 - 57)) + 12.
5
-3 - (-31 + (-4 - (5 + -21)))
16
What is the value of -13 + 23 + 4 - 3?
11
Evaluate (-24 - 2) + (-6 - -4) + 14.
-14
Calculate 9 + (-7 - (1 + -4 + 9)) + -3.
-7
Calculate 2 - (-6 + (5 + -7 - -7)).
3
Evaluate (-4 - 3) + (0 - -10 - (51 - 64)).
16
What is the value of -24 - (25 - 42) - (-9 - -1)?
1
What is -4 + -1 + 8 - 8?
-5
Calculate 6 + -2 + -8 + 2 + 1 + 11.
10
Evaluate 0 + -36 - (-185 + 161).
-12
-14 - (-12 + (-5 - 4))
7
What is the value of 5 + -43 - (13 - (47 - 24))?
-28
Calculate 32 + 2 + (-3 - 33).
-2
Evaluate 52 + -57 - 11 - (0 + 21).
-37
-196 + 137 + (28 - -8)
-23
What is -19 + (7 - (-12 - 27 - 1))?
28
What is the value of -5 - (-5 + -3 + -2 + 6)?
-1
Evaluate -68 + -52 + 101 + 2 + 46.
29
3 + -2 + 5 + -14 + 3 + 12
7
What is -15 - (1 + -22) - (0 - -3 - -3)?
0
Evaluate -2 - (14 + 2 + -3).
-15
What is (-1 - -3) + -3 - -10 - 19?
-10
What is (-1 - -8) + -109 + 107?
5
Calculate -8 + (38 - 34) + 13.
9
Evaluate 5 - (-5 - 3 - -28).
-15
(-3 - -8 - (10 + 0)) + 2 + 0
-3
-7 - ((7 - 12 - -6) + -17)
9
Evaluate (7 - (-8 - -31) - -10) + 15.
9
What is -13 - (-1 - -13 - 17)?
-8
Evaluate (-46 - -64) + 1 + -34.
-15
What is -1 + (4 - (14 - 15)) + -20?
-16
-19 - (-8 - -15 - (3 - -5 - 0))
-18
What is the value of 19 - (-10 - 3 - (1 - 54))?
-21
Calculate -20 - (15 - (11 + 12)).
-12
Calculate -5 + 13 + -14 + 0.
-6
What is the value of -7 + -4 + 15 + -12 + 3?
-5
What is 9 - (-10 - 25 - -25)?
19
0 - (-3 + 5) - ((11 - -7) + -14)
-6
What is the value of (0 - -9) + (-10 + -3 - (27 + -28))?
-3
Evaluate 9 + (-20 - (-9 - 8)).
6
Calculate 2 - (8 - -26) - -11.
-21
What is -4 + 27 - (-195 - -189)?
29
What is the value of -38 + (-7 - -26 - -6)?
-13
Calculate (2 - 16 - -12) + -12.
-14
Evaluate 7 + -14 + (13 - (-8 - -4)).
10
-12 + -20 + 8 + 4
-20
Evaluate -10 + 9 + 9 + -26 + 6 + 2.
-10
12 - 17 - (-35 - -24)
6
-66 + 42 - (3 + 13)
-40
What is 6 - (-2 - -2) - (1421 - 1409)?
-6
What is 13 + (-6 - 0) + -2 + -6 + 2?
1
(-5 - -16) + -9 + 7 - 3
6
What is the value of 1 + (16 - (3 + -9 + 2))?
21
5 - 0 - ((-1 - 10) + (-92 - -107))
1
4 + -4 + -10 - -5
-5
Calculate -301 - -309 - (16 - -1).
-9
What is the value of -10 - -9 - 4 - (3 + 2 + -3)?
-7
Evaluate -95 - (-64 - 15) - (1 - 6).
-11
What is -5 + 0 + 3 + 17 - (-4 + 3)?
16
Calculate -4 + (-9 + 25 - 15).
-3
What is the value of (5 - 9 - (1 - 1)) + 5 + 4?
5
Calculate -44 + (-38 - -70) - (0 - 22).
10
636 + -637 - (-10 + (-1 - -1))
9
Evaluate (23 + -17 - (11 + -2)) + 12.
9
What is -3 - (-7 - 2 - -15)?
-9
Evaluate 1 + (-3 - (0 + 11)).
-13
-1 - (-3 - -10 - (3 - 5))
-10
What is the value of -2 - (-7 + 6) - (18 - 11)?
-8
Evaluate -3 - (-26 - (0 + 2 + (-13 - -5))).
17
Evaluate (-33 - -44) + (-2 - 18).
-9
Calculate -30 + (30 - -31 - 29).
2
(-15 + 35 - 31) + (1 - 0)
-10
What is the value of 141 - 149 - (2 + -5 - -1)?
-6
Calculate 11 - (9 - (9 + (-11 - 0) + 8)).
8
Calculate 65 - 47 - (7 + -1).
12
Calculate (5 - 3) + -25 - 16.
-39
What is -526 - -497 - (-18 - 0) - (-19 - 1)?
9
What is the value of 28 + -1 + (434 - 453)?
8
Evaluate 13 + -29 - ((25 - 10) + -11).
-20
What is the value of 421 + -431 - (1 + -30)?
19
Calculate 53 - 16 - 16 - 10.
11
What is 12 + (-7 - (1 + 7) - 12)?
-15
What is the value of -1 - (1 + 1 + -15 + 9)?
3
1 + (6 - 6) + -1
0
Calculate 17 - (-16 - -16 - -2).
15
Calculate 24 + -11 + -4 - 7.
2
Evaluate (-1 - -4) + (-3 - -4) + 3.
7
Calculate 2 + -3 + 90 + -79.
10
(-72 - -3) + 64 + (-1 - 1) + 0
-7
Evaluate (-46 - -63) + (1 - 1) + 5 - -8.
30
(-10 - ((-20 - -7 - -8) + -10)) + 9
14
What is the value of (15 - 2) + -20 - (0 + -13 + 2)?
4
(18 - 2 - (3 + 9 + -18)) + -7
15
Evaluate -10 - (42 + 5 - 91).
34
3 - ((9 - 14) + 2)
6
What is (11 + -13 - -31) + -47?
-18
Evaluate 4 + (-5 - -17) + -21.
-5
Calculate (-22 - -1) + (8 - -4 - (44 + -28)).
-25
What is the value of -10 - ((-3 - (-11 + 9)) + -8 + 18)?
-19
What is the value of -22 + (16 - 1